2*p. Let q(u) = u**2 - u + 95. Let l be q(j). What is the highest common factor of l and 38?
19
Suppose 0 = -3*t - 0*t - 2*y + 10, -2*y = -4*t + 4. Let p(k) = k**2 - 1. Let i be p(2). What is the greatest common factor of i and t?
1
Let b(n) = n**3 + n**2 + 3*n. Let f(z) = -z**2 - z. Let d(m) = b(m) + 3*f(m). Let k be d(3). Calculate the highest common factor of k and 9.
9
Let m be 2 - (-2 + (-3 - 33)). What is the highest common divisor of m and 10?
10
Suppose -5*v + 65 = -275. Calculate the greatest common divisor of v and 17.
17
Suppose 11 = 3*b - 5*a, 0*a + 4*a = 5*b - 27. Suppose -3*k = -2*v - 39, 0 = 2*k + k + 3*v - 54. Let q = k - b. What is the highest common divisor of 16 and q?
8
Let a be 16/(-3)*99/(-44). Calculate the greatest common divisor of 12 and a.
12
Suppose -j + 9 = 4. Suppose j = 4*a + 17, -z + 57 = 2*a. What is the greatest common factor of z and 9?
9
Let a(z) be the third derivative of z**5/15 + z**4/24 - z**3/2 - 3*z**2. Let l be a(4). Calculate the highest common divisor of 13 and l.
13
Let y(u) = u**3 - 3*u**2 + 3*u + 4. Let w be y(3). Let d = w - -9. What is the highest common divisor of 55 and d?
11
Let d(c) = -5*c - 1. Let g be d(-1). Let n be ((-12)/10)/(1/5). Let q be (-30)/(-1 - (-3)/n). Calculate the highest common factor of g and q.
4
Let h(m) = -3*m - 2. Let z be h(-10). Calculate the highest common divisor of 70 and z.
14
Let h(n) = n**3 + 2*n**2 + 2. Let q be h(-2). Let f = 1 + q. Let u be 0 - (f + -14 - -2). What is the greatest common divisor of 72 and u?
9
Let b = 1 - 2. Let s be 35 - b - 1 - 1. Let q = s + -19. What is the highest common factor of q and 30?
15
Let u(q) be the second derivative of -q**5/20 + q**4/2 - 5*q**3/6 + 5*q**2/2 + 4*q. Let f be u(5). What is the highest common divisor of 35 and f?
5
Suppose -7*d + 20 = -2*d. Suppose 4*l - 30 = l. Calculate the greatest common factor of l and d.
2
Let w = 14 - 3. Let k(h) = 11*h. Let s be k(8). Calculate the highest common factor of w and s.
11
Suppose 3*w + 2*a + 2 = w, -2*a = -3*w + 7. Let t = 16 - 8. What is the greatest common factor of t and w?
1
Let k = 26 - 15. Suppose -5*p = 2*v + 18, 5*v - 2*p + 5*p = -7. What is the highest common factor of k and v?
1
Suppose -5*t = 2*w - 308, 6*w + t - 724 = w. Let q(x) = 5*x - 4. Let n be q(4). What is the greatest common divisor of w and n?
16
Let s(r) = r**2 + r + 2. Let t be s(-3). Calculate the greatest common divisor of 56 and t.
8
Let f = 8 + -5. Suppose -69 = -f*m + 201. Let g = m - 54. What is the highest common factor of g and 12?
12
Suppose 2*p - 18 = -z, 4*z - 92 = -0*z - 3*p. Suppose 0 = -7*f - 7*f + 910. Calculate the highest common divisor of f and z.
13
Let c = -67 - -117. Suppose -3*k + 4*k - 15 = 5*a, 3*a + 17 = k. Calculate the highest common divisor of k and c.
10
Let c(v) = 2*v - 17. Let f be c(7). Let r be (-2)/((-237)/(-81) + f). Calculate the greatest common divisor of r and 135.
27
Let p be 0/((3 - 3) + -1). Suppose -u + p*u + 8 = 0. Calculate the highest common divisor of 80 and u.
8
Let p(r) = -2*r + 2. Let l be p(4). Let c be (1 - -1)*(-33)/l. Let t = c + -6. Calculate the highest common factor of 50 and t.
5
Let q(p) be the third derivative of 11*p**4/12 + p**3/6 + 4*p**2. Let w be q(1). Calculate the highest common factor of w and 69.
23
Let m(b) = 3*b + 3. Let u be m(-8). Let a = -16 - u. Calculate the greatest common factor of a and 10.
5
Suppose 0*b + 440 = 4*b + 5*q, 3*b = -4*q + 329. Calculate the highest common divisor of 23 and b.
23
Let b(g) = -g**3 + 15*g**2 + 15*g + 18. Let r be b(16). Suppose 5*l - s = r*l + 35, -3*s = 4*l - 25. What is the greatest common factor of 110 and l?
10
Suppose -23 = -2*u + 37. What is the greatest common divisor of 12 and u?
6
Let m be ((-4)/5)/(8/(-20)). Suppose m*w - 197 = -17. Let l = 4 - -6. Calculate the highest common divisor of l and w.
10
Suppose -3*p - 4 - 14 = 0. Let v be (-7 - -1)*(3 + p). Calculate the greatest common divisor of 12 and v.
6
Let q = -58 - -72. Let t = -2 - -1. Let o(x) = -7*x**3 + x**2 + x. Let f be o(t). Calculate the greatest common divisor of q and f.
7
Let x be -66*(-5 - (-8)/(12/3)). Calculate the highest common divisor of x and 36.
18
Let a(i) be the third derivative of 0 - 3*i**2 + 2/3*i**3 + 0*i + 1/12*i**4. Let c be a(3). What is the greatest common divisor of 5 and c?
5
Suppose 11*x - 9*x = 140. What is the highest common divisor of 10 and x?
10
Let r be (8/12)/((-2)/(-3)). Calculate the highest common factor of 5 and r.
1
Let p(m) = m**2 + 3*m - 33. Let b be p(6). What is the greatest common factor of 21 and b?
21
Let r be (2 + -1)*(-2 + 17). Let p = r - 9. Let a(c) = c**2 - 8*c + 10. Let h be a(7). Calculate the greatest common divisor of p and h.
3
Suppose 2*t = -6 + 34. Let j(o) = -o + 2. Let q be j(0). Suppose 3*c - q*b = 16 + 34, 2*c - b = 32. What is the highest common divisor of c and t?
14
Let m(q) be the second derivative of -q**5/10 + q**4/12 + q**3/3 + q**2/2 + q. Let a be m(-1). Calculate the highest common factor of a and 3.
1
Suppose 0*v + 129 = -w - v, w + 133 = -5*v. Let u be ((-30)/(-8))/((-48)/w). Let s be (-1)/(9/10 + -1). What is the highest common factor of s and u?
10
Suppose 5*p + 4*o - 219 = 0, 3*p = -p + 3*o + 169. What is the highest common divisor of 387 and p?
43
Suppose -2*w - 105 = -3*w. Let j = w - 17. Suppose p - j = -p. What is the highest common divisor of p and 11?
11
Let x = 17 - 12. Suppose 5*m + 11 = 61. What is the greatest common divisor of m and x?
5
Let n(c) = c**2 + 2. Let z be n(-2). What is the greatest common factor of z and 30?
6
Let n = 18 + -3. Suppose -10*m - 15 = -11*m. Calculate the greatest common divisor of n and m.
15
Suppose -36 = -3*g + 48. Suppose h - g = -0*h. Calculate the highest common divisor of 84 and h.
28
Suppose x - s + 180 = -0*x, -4*s = -3*x - 535. Let p = 338 + x. What is the greatest common factor of p and 17?
17
Let a(o) = o + 8. Let g be a(-6). Let v be 20 - (-4 + (3 - 1)). What is the highest common factor of g and v?
2
Let w = 253 + -66. Calculate the greatest common divisor of w and 17.
17
Suppose z + 42 = 2*f + 3*f, f - 18 = 5*z. Let u be 2 + (-2 - -1) + 39. Calculate the highest common divisor of u and f.
8
Let o = 9 + -6. Suppose -159 = -2*t + f, -t + o*t = -3*f + 163. Calculate the highest common factor of t and 16.
16
Let t(l) = l**2 - 2*l - 10. Let y be t(9). Let p = 23 + y. Suppose 0 = -5*h + 67 + 28. What is the highest common divisor of p and h?
19
Suppose 3*t = -k + 121, -19 - 4 = -t + 4*k. Let m = -175 - -188. What is the greatest common factor of t and m?
13
Let s(r) = r**3 + 6*r**2 - 2*r. Suppose 0 = -7*k + 3*k + 120. Let h be (20/(-25))/(4/k). Let w be s(h). What is the highest common divisor of 84 and w?
12
Suppose 2*q + 9 = 5*q. Suppose -4*v - q = -3*t + 4, -5*t + 55 = 2*v. Suppose -32*g + 585 + 1719 = 0. What is the highest common factor of t and g?
9
Let y(a) = -a**2 + 3*a + 3. Let w be y(5). Let o = -2 + 27. Let c = o + w. Calculate the greatest common divisor of 72 and c.
18
Let x(u) = -3*u + 41. Let r be x(-12). What is the greatest common factor of r and 21?
7
Suppose 6 = -0*t + t - 4*a, -2*t + 5*a = -24. Suppose 4*u - t = 46. Calculate the greatest common factor of u and 187.
17
Suppose 3*l - 50 + 20 = 0. Suppose -4*z - 5*y = -60, -2*z - 8 = -4*z + 3*y. Calculate the highest common divisor of z and l.
10
Suppose 0*b = 6*b - 72. Calculate the greatest common divisor of 9 and b.
3
Let n(s) = 4*s**2 + s**2 + 2*s**2 + 6 + 6*s + s**3. Let r be n(-6). Calculate the greatest common factor of 6 and r.
6
Let l(g) = g**2 - 3. Let z be l(3). Let c be (1*-6)/((12/27)/(-4)). What is the highest common divisor of c and z?
6
Let y(p) = p**2 - 4*p - 1. Let g be y(5). Suppose 5*f + 2*m - 12 = g*f, -2 = 2*m. Let r = 2 + 0. What is the highest common divisor of f and r?
2
Let y = -23 - -56. Suppose 0*v = 2*v - 4*g - 14, 2*v - 14 = -3*g. Suppose 8 = 5*m - v. What is the highest common divisor of y and m?
3
Let q(i) = -i**2 + 6*i + 11. Let h be q(8). Let v be (-1 - h)/(0 - -2). What is the highest common divisor of 3 and v?
1
Let y be 6/4*15*-2. Let l = y - -133. Suppose -12 = -3*k + 12. Calculate the greatest common factor of l and k.
8
Suppose 5*c = -0*c + 10. Suppose c - 1 = r. Let y = -352 + 353. What is the hig